2*p. Let k(q) = 5*q**3 + 2*q**2 - q. Let i be k(p). Suppose -5*c + i = -79. What is the units digit of c?
7
Let l(q) = q**3 + 5*q**2 + 6*q + 1. Let i be l(-4). Let t = i + 12. Suppose 46 = t*p - 59. What is the tens digit of p?
2
Let q = 56 + -58. What is the hundreds digit of (3 + 205/(-10))/(q/36)?
3
Let f(m) = 8*m**2 + m + 1. Let u be f(5). Let o = u - 143. What is the tens digit of o?
6
Suppose 0 = 4*h - 5*h + 8. Suppose 9*r - 45 = h*r. What is the tens digit of r?
4
Let b = 34 - 48. Let h(t) = 6*t - 19. Let k(p) = -3*p + 18. Let o(y) = -2*h(y) - 3*k(y). What is the units digit of o(b)?
6
Let u(o) = 2028*o**2 - 28*o - 28. What is the hundreds digit of u(-1)?
0
Let d(t) = 19*t + 2. Let h(v) = 20*v + 1. Let b(p) = 2*d(p) - 3*h(p). Let m = 3 + -4. What is the tens digit of b(m)?
2
Suppose 3*c = 7*c - 164. Let k = 51 - c. What is the units digit of k?
0
Let j be (0 + 0)/(5/5). Suppose j = -5*b + 86 + 29. What is the tens digit of b?
2
Let v(p) = 25*p - 4. Let l be v(7). Let f = l + -118. What is the units digit of f?
3
Suppose -5 = -4*w + 15. Suppose 0 = -h - w - 3. Let a(b) = -b**3 - 7*b**2 + 7*b + 4. What is the units digit of a(h)?
2
Suppose 10570 = 62*q - 48*q. What is the hundreds digit of q?
7
Suppose -c - 5*q = -0*c - 572, 0 = 4*c + 2*q - 2252. What is the hundreds digit of c?
5
Let m(d) = -d**3 + 4*d**2 + d + 3. Let r be m(4). Suppose 2*i = -1 + r. Suppose 4 = i*t + 1. What is the units digit of t?
1
Let g(m) = -m**2 + 17*m + 4. Let p be g(17). Let a(r) = 56*r - 12. What is the hundreds digit of a(p)?
2
Let x(o) = o**2 - 6*o + 4. Let a(b) = -b**2 - 9*b - 10. Let g be a(-7). Let m be x(g). Let n = m + 17. What is the tens digit of n?
1
Let c(i) = 923*i**2 - 45*i + 43. What is the units digit of c(1)?
1
Let g(k) = 4*k**2 - k - 1. Let h be g(-1). Suppose 4*s = -h*j + 248, 3 = j - 0. Suppose 2*v + 3*v = 4*a - s, -50 = -4*a + 2*v. What is the units digit of a?
1
Let t(m) = 3*m**2 + 2*m - 9. Let v(w) = -7*w**2 - 4*w + 19. Let b(z) = 5*t(z) + 2*v(z). Let q be b(4). Let y = q + -1. What is the tens digit of y?
1
Let y be -2 - -7 - (-22)/(-11). Suppose -y*g = -384 - 27. What is the units digit of g?
7
Let t(w) = 2*w**2 - 5*w + 3. What is the units digit of t(-5)?
8
Let j(g) = 12*g**3 + 11*g**2 - 11*g + 10. What is the tens digit of j(7)?
8
Let s(n) be the second derivative of -n**5/20 + 5*n**4/6 + n**3/6 - 9*n**2/2 + 22*n. What is the hundreds digit of s(7)?
1
Let x(p) = -2*p**2 - p**3 + 0*p**3 + 3 + 2*p + 0*p**3. Let s be x(-2). What is the units digit of (3 - s)/4*4?
4
Let y(c) = 3*c**2 - c**3 + 7 - c**2 + 4*c + 3*c**2. Let b be y(6). Let o = 45 - b. What is the units digit of o?
0
Suppose 0 = -21*m + 78*m - 147174. What is the tens digit of m?
8
Suppose 5*i - 23 = 62. Suppose -16 = -l + i. Let h = l - 19. What is the tens digit of h?
1
Let x be 4 + 3/(-1 - -4). Let d = -7 - -33. Let g = d - x. What is the units digit of g?
1
Suppose -f + 0*f = q - 1908, -5*f = -4*q - 9567. What is the units digit of f?
1
Suppose -50 + 49 = -k. Let p(i) = 47*i + 5. What is the units digit of p(k)?
2
Suppose 0 = -28*r + 20*r + 9256. What is the tens digit of r?
5
Let z = -50 - -53. Suppose 5*t + 3*n = 116, 0 = t + z*t - 5*n - 115. What is the tens digit of t?
2
Suppose -c - 14 = 27. Let m = 178 + -99. Let u = c + m. What is the tens digit of u?
3
Suppose -3 + 51 = -2*k. Let g = -3 - k. Let w = g + -1. What is the units digit of w?
0
Suppose -5111 - 3121 = -14*l. What is the units digit of l?
8
Let w(c) = -c**3 + c**2 - c + 91. Let b be w(0). Suppose -86 + b = d. What is the units digit of d?
5
Suppose 0 = 9*w + 12*w - 252. Let y = -12 + 20. Suppose 11*f = y*f + w. What is the units digit of f?
4
Let o be ((-16)/(-10))/((-18)/(-765)). Suppose -4*t + 11*f - 6*f = -136, -2*t + o = 2*f. What is the units digit of t?
4
Let g = 586 - 398. Suppose f = -1 - 0, 2*f = -2*i + g. Suppose -5*a = -10*a + i. What is the units digit of a?
9
Suppose -3*n = -5*t + 3241, 2*n + 53 = t - 598. What is the tens digit of t?
4
Suppose 5*b - 3 = -3. Suppose 3*c - 69 + 6 = b. What is the units digit of c?
1
Suppose -3*b + 3735 = -4*p + 1170, 4*p + 2555 = 5*b. Suppose -8*g = -3*g + 5, -5*r - 5*g + 25 = 0. What is the tens digit of r/21 + p/(-21)?
3
Let u(c) = -c**3 - 9*c - 14. Let m be 4 - -1 - (12 - 2). What is the hundreds digit of u(m)?
1
Suppose -45*v + 69056 = -106714. What is the hundreds digit of v?
9
What is the tens digit of 1335 + -4 + -3 + 13?
4
Let h be ((2 + -2)/2)/1. Let t = -203 + 358. Suppose -5*f + t = -h*f. What is the tens digit of f?
3
What is the hundreds digit of ((-20)/(-2))/(16/1368)?
8
What is the tens digit of (-4339)/(78/13 - 7)?
3
Suppose 55*w - 50*w + 25 = 0. Let j = 171 - w. What is the units digit of j?
6
Suppose -5*d - h - 2153 = -10461, 0 = 3*d + 2*h - 4982. What is the thousands digit of d?
1
Suppose 30*n - 29*n = 503. What is the tens digit of n?
0
Suppose 0 = -3*p - 11 + 23. Suppose -297 = a - p*a. What is the tens digit of a?
9
Let x be -8*6/(24/38). Let f = -19 - x. What is the tens digit of f?
5
What is the units digit of (-20113)/(-9) - (504/(-81) + 6)?
5
Let n be (-9)/36 - 58/(-8). Suppose -n*o = -0*o - 742. What is the units digit of o?
6
Suppose -9*z = -3*z - 60. What is the tens digit of 1/2 + 595/z?
6
Let y = -8 - -10. Let n(k) = 7*k**3 - 3*k**2 + k + 1. What is the tens digit of n(y)?
4
Let j = 5 - 2. Suppose -6*b = -4*b, -31 = -l - 2*b. Suppose -m + 26 = m - 2*v, -j*m = -v - l. What is the units digit of m?
9
Suppose -d + 2*b = -3*b - 43, -3*d = -3*b - 177. What is the units digit of d?
3
Let t(m) = m**3 + 9*m**2 + 11*m + 15. Let x be t(-7). Suppose 0 = -4*q - 32 + x. What is the units digit of q?
1
Let w be (-1 + 0)/(2/(-10)) - 2. Let o(n) = -n**3 + 4*n**2 + n - 7. What is the units digit of o(w)?
5
Let t(f) = 11*f**2 + 5*f + 28. What is the units digit of t(-3)?
2
Let g(i) = -i**3 + 13*i**2 + 4*i - 15. Let d be -1*(1 + 4) - -11. What is the units digit of g(d)?
1
Suppose 8*d - 3*d - 527 = -a, -a - 418 = -4*d. What is the hundreds digit of d?
1
Let p = 13 + -6. Let t(z) = z**3 - 7*z**2 + 8*z - 2. What is the units digit of t(p)?
4
Let h be 16/(-4) + 1 + 83. Suppose 4*f - 2*f = u - h, u - 104 = -4*f. Let b = u + -56. What is the tens digit of b?
3
Suppose 5*k - k = -64. Let q(g) = g**3 + 15*g**2 - 16*g + 8. Let i be q(k). What is the tens digit of (-45)/((60/i)/(-5))?
3
Let x be -3 - -5 - (0 + 0). Suppose 3*j - x*j = 104. What is the hundreds digit of j?
1
Let o(t) be the first derivative of 7*t**4/4 + t**3 - t**2 + t + 13. What is the tens digit of o(2)?
6
Suppose -82 = 6*m - 370. Let b = -3 - -6. Suppose -m = -4*j - t - b*t, 5*j + t = 76. What is the tens digit of j?
1
Let x = 25 - 21. Suppose -f + 3 = -x. Let a = f - -1. What is the units digit of a?
8
Suppose 16 = -5*s + s, -5*n - 4*s - 21 = 0. Let j = 111 - n. What is the tens digit of j?
1
Let f be 82/1 - (10 + -13). Let k = f + -47. What is the tens digit of k?
3
Suppose 31 = p - 535. What is the units digit of p?
6
Suppose 9*y - 3200 = 5*y. What is the tens digit of y?
0
Let c(f) = 2*f**2 + 7*f + 386. What is the units digit of c(20)?
6
Let l = 68 - 58. Suppose 1717 = l*t + 47. What is the units digit of t?
7
Let a = -7 - 2. Let o = a - -4. Let v = 5 - o. What is the tens digit of v?
1
Suppose 1196 = 5*x + 4*s, -3*s + 1197 = 2*x + 3*x. Suppose 0 = -10*c + 4*c + x. What is the tens digit of c?
4
Suppose 2*t = 2304 - 274. Let g = -707 + t. What is the hundreds digit of g?
3
Let v = -32 + 99. What is the units digit of v?
7
Let y be ((-3)/(-2))/(15/20). Suppose q = r + 13, -4*r + 33 = y*q + r. Suppose 13*k - q*k = -23. What is the units digit of k?
3
Let u = 784 + -459. What is the units digit of u?
5
Suppose -13 - 17 = 5*p. What is the units digit of 5/(0 + (-3)/p)?
0
Let s = -10 - -18. Let p be (2 - s)*(-1)/3. Suppose 0*r - 4*q = -p*r + 34, -r - 3 = 3*q. What is the units digit of r?
9
Let f(a) = -15*a**3 - 9*a**2 - a + 17. What is the units digit of f(-5)?
2
Suppose 50*b = 46*b. Let z(t) = 2*t + 5. Let h be z(b). Suppose v = 2*y + 36, v - 29 = 3*y + h. What is the units digit of v?
0
Let y(r) = r**2 + 7*r - 9. Let i be y(-4). Let k = i - -16. Let w(c) = c**3 + 7*c**2 + 7*c + 3. What is the tens digit of w(k)?
1
What is the thousands digit of (-58122)/(-14) - (-4)/(-56)*-6?
4
Let